{"id":2084,"date":"2023-08-25T06:27:37","date_gmt":"2023-08-25T06:27:37","guid":{"rendered":"https:\/\/www.katze-sucht-mensch.ch\/?page_id=2084"},"modified":"2023-08-25T06:27:37","modified_gmt":"2023-08-25T06:27:37","slug":"fuer-meine-alte-katze","status":"publish","type":"page","link":"https:\/\/www.katze-sucht-mensch.ch\/?page_id=2084","title":{"rendered":"F\u00fcr meine alte Katze"},"content":{"rendered":"<p><img decoding=\"async\" loading=\"lazy\" class=\"alignnone size-medium wp-image-2087\" src=\"https:\/\/www.katze-sucht-mensch.ch\/wp-content\/uploads\/2023\/08\/findus-217x300.jpg\" alt=\"\" width=\"217\" height=\"300\" srcset=\"https:\/\/www.katze-sucht-mensch.ch\/wp-content\/uploads\/2023\/08\/findus-217x300.jpg 217w, https:\/\/www.katze-sucht-mensch.ch\/wp-content\/uploads\/2023\/08\/findus-rotated.jpg 345w\" sizes=\"(max-width: 217px) 100vw, 217px\" \/><\/p>\n<p>&#8222;Warum beh\u00e4ltst Du diese Katze?&#8220;<\/p>\n<p>&#8222;Weil ich sie liebe!&#8220;<\/p>\n<p>&#8222;Aber sie bringt Dir doch keinen Nutzen!&#8220;<\/p>\n<p>&#8222;Ich freue mich einfach, ihr beim Leben zuzusehen!&#8220;<\/p>\n<p>&#8222;Es kostet doch eine Menge, sie mit Spezialfutter durchzuf\u00fcttern!&#8220;<\/p>\n<p>&#8222;Ja, das stimmt &#8230;, auch Zeit und manchmal viel Nerven und Geduld. Aber sie gibt mir so unendlich viel zur\u00fcck!&#8220;<\/p>\n<p>&#8222;Was soll das sein?&#8220;<\/p>\n<p>&#8222;Liebe, Ruhe, Kraft, Freude und tausend wunderbare Momente!&#8220;<\/p>\n<p>&#8222;Was hast Du denn davon?&#8220;<\/p>\n<p>&#8222;Sie lehrt mich \u00fcber das Leben. Die Welt mit ihren weisen Augen zu betrachten, die schon so viel gesehen haben. Sie lehrt mich, den Augenblick anzunehmen und zu geniessen, genauso wie er gerade ist. Sie lehrt mich, zufrieden und gl\u00fccklich zu sein in mir selber!&#8220;<\/p>\n<p>&#8222;Du kannst nicht mehr mit ihr spielen!&#8220;<\/p>\n<p>&#8222;Ich kann sie streicheln, verw\u00f6hnen, umsorgen und meine Nase in ihr Fell stecken und mich wegtr\u00e4umen!&#8220;<\/p>\n<p>&#8222;Du k\u00f6nntest Dir eine junge Katze zu Dir holen und viel Freude daran haben!&#8220;<\/p>\n<p>&#8222;Nichts k\u00f6nnte mir meinen alten Freund ersetzen. So viele Wege gemeinsam gegangen &#8230; so vieles, was uns verbindet &#8230; Erinnerungen, Freude, \u00c4ngste, Hoffnung, Tr\u00e4ume. Gemeinsam gewachsen in all der Zeit!&#8220;<\/p>\n<p>&#8222;Ich kann Dich einfach nicht verstehen!?&#8220;<\/p>\n<p>&#8222;Na, dann pass mal auf &#8230;, ich will es Dir erkl\u00e4ren! Als meine Katze zu mir kam, war sie noch jung. Ich dachte, ich m\u00fcsste ihr so viel beibringen. Doch letztendlich lehrte sie mir so unglaublich Vieles. Meine Katze wurde f\u00fcr mich mehr als nur eine Katze. Sie wurde mein Weggef\u00e4hrte, mein Partner, mein bester Freund. Immer, wenn ich traurig war, schenkte sie mir mein L\u00e4cheln zur\u00fcck. Immer, wenn ich gl\u00fccklich war, verdoppelte sie mein Gl\u00fcck auf zauberhafte Weise. In hellen und in dunklen Tagen war sie an meiner Seite. Sie ging mit mir zusammen durchs Feuer, vertraute mir bedingungslos und sie tut es heute noch. Das hat sich nie ver\u00e4ndert, im Gegenteil, das Band, das unsere Seelen miteinander verbindet, ist nur noch fester geworden. Es ist Teil meines Lebens und ich Teil von ihr. Nichts und niemand wird das ver\u00e4ndern k\u00f6nnen. Meine Katze im Alter begleiten zu d\u00fcrfen, ist das gr\u00f6sste Geschenk von allem.&#8220;<\/p>\n<p><em>(Autor: unbekannt, &#8222;nur geklaut, aber so was von wahr&#8220;)<\/em><\/p>\n","protected":false},"excerpt":{"rendered":"<p>&#8222;Warum beh\u00e4ltst Du diese Katze?&#8220; &#8222;Weil ich sie liebe!&#8220; &#8222;Aber sie bringt Dir doch keinen Nutzen!&#8220; &#8222;Ich freue mich einfach,<\/p>\n","protected":false},"author":2,"featured_media":0,"parent":0,"menu_order":0,"comment_status":"closed","ping_status":"closed","template":"","meta":[],"_links":{"self":[{"href":"https:\/\/www.katze-sucht-mensch.ch\/index.php?rest_route=\/wp\/v2\/pages\/2084"}],"collection":[{"href":"https:\/\/www.katze-sucht-mensch.ch\/index.php?rest_route=\/wp\/v2\/pages"}],"about":[{"href":"https:\/\/www.katze-sucht-mensch.ch\/index.php?rest_route=\/wp\/v2\/types\/page"}],"author":[{"embeddable":true,"href":"https:\/\/www.katze-sucht-mensch.ch\/index.php?rest_route=\/wp\/v2\/users\/2"}],"replies":[{"embeddable":true,"href":"https:\/\/www.katze-sucht-mensch.ch\/index.php?rest_route=%2Fwp%2Fv2%2Fcomments&post=2084"}],"version-history":[{"count":3,"href":"https:\/\/www.katze-sucht-mensch.ch\/index.php?rest_route=\/wp\/v2\/pages\/2084\/revisions"}],"predecessor-version":[{"id":2088,"href":"https:\/\/www.katze-sucht-mensch.ch\/index.php?rest_route=\/wp\/v2\/pages\/2084\/revisions\/2088"}],"wp:attachment":[{"href":"https:\/\/www.katze-sucht-mensch.ch\/index.php?rest_route=%2Fwp%2Fv2%2Fmedia&parent=2084"}],"curies":[{"name":"wp","href":"https:\/\/api.w.org\/{rel}","templated":true}]}}