{"id":84,"date":"2019-12-29T18:19:34","date_gmt":"2019-12-29T18:19:34","guid":{"rendered":"http:\/\/www.katze-sucht-mensch.ch\/?page_id=84"},"modified":"2021-11-24T18:24:25","modified_gmt":"2021-11-24T18:24:25","slug":"brief-einer-katze","status":"publish","type":"page","link":"https:\/\/www.katze-sucht-mensch.ch\/?page_id=84","title":{"rendered":"Brief einer Katze"},"content":{"rendered":"<p>Hallo meine liebe Mama<\/p>\n<p>nun bin ich schon seit 10 Jahren bei Dir \u2026 Nach Menschenjahren bin ich jetzt schon 56 Jahre \u2026 jung \u2026 Leider kann ich nicht schreiben, deshalb habe ich meinen Tigerengel Komutiel gebeten, diese Zeilen f\u00fcr mich zu schreiben \u2026<\/p>\n<p>Du erinnerst Dich?<\/p>\n<p>Als ich noch klein war, bin ich meiner damaligen Familie immer ausgeb\u00fcchst \u2026 habe mich auf Deinen Balkon geschlichen, habe mich dort ausgeruht und geschaut, wie Deine Blumen wachsen und habe den Duft der Kr\u00e4uter eingeatmet \u2026 Bis Du mich entdeckt hast, und ich hatte Angst, dass Du mich wegjagst. Du hast mich nur angeschaut, mich liebevoll angel\u00e4chelt und gesagt: &#8222;Hallo, meine Kleine, willkommen auf meinem Balkon!&#8220;.<\/p>\n<p>Abends habe ich mich von meiner Familie weggeschlichen, bin leise auf Katzenpfoten in Deine Wohnung gekommen und habe mich heimlich auf Dein Bett gelegt, um Deine liebevolle N\u00e4he zu sp\u00fcren \u2026<\/p>\n<p>Ich will nicht sagen, dass meine eigentliche Familie mich nicht gut behandelt hat \u2026 Sie war mir einfach nur zu laut und zu hektisch und sorry, &#8222;dieses ungezogene, laute und st\u00e4ndig schreiende Kind&#8220;, das mich st\u00e4ndig aus meinem Schlaf gerissen hat, weil es ihr in den Sinn kam, jetzt unbedingt mit mir spielen zu wollen, das hat mich alles genervt.<\/p>\n<p>Nat\u00fcrlich haben sie mir mein Fressen hingestellt \u2026 mit den Worten &#8222;ach, die frisst schon, wenn sie Hunger hat&#8220;. Du hast mich nur ganz traurig angesehen und bist gegangen. Sie waren f\u00fcr mich als Katzenbaby einfach zu stressig.<\/p>\n<p>Dann hatte ich das Gl\u00fcck, dass ich einige Zeit bei Dir wohnen durfte, als meine damalige Familie umgezogen ist, und habe gebetet, dass sie mich nicht mitnehmen. Ich wollte bei Dir bleiben.\u00a0Ich habe gemerkt, dass Du mich oft angesehen hast und das Gleiche gedacht hast, wie ich&#8230; dass sie mich nicht mit in ihr neues Zuhause mitnehmen \u2026<\/p>\n<p>Der Engel Komutiel hat unser Gebet erh\u00f6rt und ich durfte bei Dir bleiben \u2026 ach ja \u2026 miau \u2026<\/p>\n<p>Du bereitest mir mein Fressen mit viel Liebe, erz\u00e4hlst mir kleine Geschichten, auch wenn ich sie nicht verstehe, aber ich h\u00f6re gern Deiner lieben Stimme zu. Du hast mich getr\u00f6stet, wenn ich krank war und hattest viel Angst um mich, ich habe Deine Tr\u00e4nen auf meinem Fell gesp\u00fcrt. Bist oft in der Nacht aufgestanden und hast nach mir geschaut, mich mit Deiner Decke zugedeckt und mich liebevoll gestreichelt und leise gefl\u00fcstert, dass Du mich lieb hast \u2026 Ich wollte Dir keinen Kummer bereiten, aber Katzen werden, auch wie Menschen, manchmal krank. Ich habe auch gesp\u00fcrt, dass auch Du einige Schicksalsschl\u00e4ge hinnehmen musstest und ich war gl\u00fccklich, an Deiner Seite zu sein, um Dir ein wenig Trost zur\u00fcckzugeben \u2026 Du hast Dich immer f\u00fcr Tiere und Menschen eingesetzt \u2026 Auch ich habe gesehen, dass Du traurig warst, als Dich Deine sogenannte &#8222;gute&#8220; Freundin fallen gelassen hat wie eine &#8222;heisse Kartoffel&#8220;, wo Du auch einmal gern ein liebes Wort von ihr geh\u00f6rt h\u00e4ttest \u2026 oder nur mal die Frage, wie es Dir geht \u2026 meine geliebte Mama, glaube mir \u2026 &#8222;den wahren Charakter eines Menschen erkennt man sp\u00e4testens dann, wie er Dich behandelt, wenn er Dich nicht mehr braucht&#8220; \u2026 Miau \u2026 Katzen-Weisheit \u2026<\/p>\n<p>Wir beide verstehen uns ohne Worte \u2026 wir beide sind einfach seelenverwandt \u2026 Miau \u2026 Du hast f\u00fcr mich extra eine eigene Balkonecke mit vielen Kr\u00e4utern und Gr\u00e4sern angelegt, damit meine kleine Nase den Duft einatmen kann. Du bist jeden Morgen schon ganz fr\u00fch wach \u2026 na ja, ich bin ja auch Dein morgendlicher Wecker \u2026 sorry \u2026 um 5 Uhr ist die Welt f\u00fcr mich schon munter \u2026 Du stehst ohne zu murren f\u00fcr mich auf, streichelst mich jeden Morgen liebevoll und w\u00fcnschst mir einen guten Morgen \u2026 Ich freue mich jeden Morgen auf Dein liebevolles Ritual \u2026 Auch schlafe ich gern auf dem grossen Bett &#8211; es ist kuschelig und ich rieche gerne Deinen Duft. Ich h\u00f6re gern Dein Lachen, wenn Herrchen und ich darum &#8222;k\u00e4mpfen&#8220;, wer als erster auf Herrchen&#8217;s Sessel ist \u2026 Na ja, meistens bin ich es, Herrchen ist einfach zu langsam \u2026 und erst einmal das Fr\u00fchst\u00fcck mit Herrchen \u2026 lecker \u2026 Und auf dem Balkon, na ist doch klar \u2026 da belege ich den Liegestuhl \u2026 Aber ich teile ihn gern mit Dir zusammen und geniesse es, wenn Du mich z\u00e4rtlich hinter den Ohren kraulst und ich die Vogelstimmern h\u00f6re. Nachts lege ich mich gern zu Euch \u2026 auch wenn Herrchen schnarcht \u2026 egal \u2026 ich liebe Euch beide \u2026 Das, meine liebe Mama wollte ich Dir schon lange sagen und Dir ein herzliches Bussi geben und von Herzen Danke sagen \u2026 ich hab Dich ganz dolle lieb \u2026<\/p>\n<p>Miau Miau Miau Miau Miau Miau\u00a0(das ist meine Katzensprache)<\/p>\n<p>Deine Katze Sina<\/p>\n<p><em>(Autor: Katze Sina)<\/em><\/p>\n","protected":false},"excerpt":{"rendered":"<p>Hallo meine liebe Mama nun bin ich schon seit 10 Jahren bei Dir \u2026 Nach Menschenjahren bin ich jetzt schon<\/p>\n","protected":false},"author":2,"featured_media":0,"parent":0,"menu_order":0,"comment_status":"closed","ping_status":"closed","template":"","meta":[],"_links":{"self":[{"href":"https:\/\/www.katze-sucht-mensch.ch\/index.php?rest_route=\/wp\/v2\/pages\/84"}],"collection":[{"href":"https:\/\/www.katze-sucht-mensch.ch\/index.php?rest_route=\/wp\/v2\/pages"}],"about":[{"href":"https:\/\/www.katze-sucht-mensch.ch\/index.php?rest_route=\/wp\/v2\/types\/page"}],"author":[{"embeddable":true,"href":"https:\/\/www.katze-sucht-mensch.ch\/index.php?rest_route=\/wp\/v2\/users\/2"}],"replies":[{"embeddable":true,"href":"https:\/\/www.katze-sucht-mensch.ch\/index.php?rest_route=%2Fwp%2Fv2%2Fcomments&post=84"}],"version-history":[{"count":6,"href":"https:\/\/www.katze-sucht-mensch.ch\/index.php?rest_route=\/wp\/v2\/pages\/84\/revisions"}],"predecessor-version":[{"id":837,"href":"https:\/\/www.katze-sucht-mensch.ch\/index.php?rest_route=\/wp\/v2\/pages\/84\/revisions\/837"}],"wp:attachment":[{"href":"https:\/\/www.katze-sucht-mensch.ch\/index.php?rest_route=%2Fwp%2Fv2%2Fmedia&parent=84"}],"curies":[{"name":"wp","href":"https:\/\/api.w.org\/{rel}","templated":true}]}}