{"id":86,"date":"2019-12-29T18:21:46","date_gmt":"2019-12-29T18:21:46","guid":{"rendered":"http:\/\/www.katze-sucht-mensch.ch\/?page_id=86"},"modified":"2021-11-24T18:38:11","modified_gmt":"2021-11-24T18:38:11","slug":"plaedoyer-fuer-eine-scheue-katze","status":"publish","type":"page","link":"https:\/\/www.katze-sucht-mensch.ch\/?page_id=86","title":{"rendered":"Pl\u00e4doyer f\u00fcr eine scheue Katze"},"content":{"rendered":"<p><strong><img decoding=\"async\" loading=\"lazy\" class=\"alignnone  wp-image-844\" src=\"https:\/\/www.katze-sucht-mensch.ch\/wp-content\/uploads\/2021\/11\/scheu.jpg\" alt=\"\" width=\"116\" height=\"107\" \/>\u00a0 \u00a0&#8211; manchmal braucht es viel Geduld<\/strong><\/p>\n<p>Ich mag keine H\u00e4nde. Ich mag keine H\u00e4nde &#8211; sie machen mir Angst &#8211; und sie sind gef\u00e4hrlich. Das hab ich schon sehr fr\u00fch gelernt &#8211; H\u00e4nde sind gef\u00e4hrlich! &#8211; sie haben meine Mutter und meine Geschwister genommen &#8211; und sie haben sie in einen Sack gesteckt &#8211; nur mich nicht &#8211; ich hatte mich versteckt.<\/p>\n<p>H\u00e4nde riechen nach Blut und Tod &#8211; wie kann ich ihnen da nur vertrauen? Sie sind derb &#8211; schlagen nach mir &#8211; oder greifen mir grob ins Genick, um mich fortzuscheuchen. Sie nehmen Steine auf, um sie nach mir zu werfen &#8211; oder halten knallende Objekte in der Hand &#8211; aus denen kommt nach dem Knall etwas raus &#8211; und wenn diese Dinger einen treffen, tut es schrecklich weh &#8211; auch wenn dieses Schrot nur sehr klein ist &#8211; es tut wirklich schrecklich weh. H\u00e4nde tun nur Schlechtes &#8211; niemals w\u00fcrde ich mich freiwillig von ihnen ber\u00fchren lassen &#8211; denn sie wollen mir immer wehtun &#8211; immer.<\/p>\n<p>Wieder waren es H\u00e4nde, die mich gegriffen haben &#8211; nicht ganz so brutal wie manch andere Hand &#8211; aber sie haben mich festgehalten &#8211; und in eine Kiste gesteckt &#8211; nun sitz ich hier &#8211; kann nicht weg &#8211; alles ist laut und fremd &#8211; ich habe Angst &#8211; und alles riecht so komisch. Die n\u00e4chste Hand, die nach mir greift, werde ich zerfetzen &#8211; H\u00e4nde sind schrecklich!<\/p>\n<p>Ich habe die furchtbare Hand gebissen &#8211; so doll, wie ich nur konnte &#8211; es hat aber nichts geholfen &#8211; sie hat einfach nicht losgelassen &#8211; ich bin noch so klein und hab nicht gen\u00fcgend Kraft &#8211; und die Hand ist so gross! Eine andere Hand hat mich mit einer Nadel gestochen &#8211; ich wusste, jetzt ist alles vorbei &#8211; noch einmal hab ich versucht zu beissen &#8211; aber ich konnte nicht mehr &#8211; alles wurde schwarz &#8211; H\u00e4nde sind der Tod!<\/p>\n<p>Ich glaube, ich bin doch nicht tot &#8211; mir tut nur schrecklich der Bauch weh &#8211; und mir ist schlecht &#8211; und irgendwas ist auf meinem Bauch, was furchtbar stinkt und silbern ist. Ich liege wieder in der Box &#8211; aber es ist sch\u00f6n warm &#8211; ich f\u00fchl mich so m\u00fcde, dass ich noch nicht mal mehr Angst habe.<\/p>\n<p>Mir ist nicht mehr schlecht &#8211; aber der Bauch tut noch ein wenig weh &#8211; gerade, als ich mich ein klein wenig sicher f\u00fchlte, kamen schon wieder H\u00e4nde &#8211; und sie haben mich wieder gepackt und in eine Kiste gesetzt. Irgendetwas war aber an den H\u00e4nden anders &#8211; sie waren nicht derb &#8211; sie waren sanft und vorsichtig &#8211; ich habe trotzdem nach ihnen gebissen &#8211; ich weiss genau &#8211; H\u00e4nde sind gef\u00e4hrlich!<\/p>\n<p>Hier ist es sch\u00f6n &#8211; alles ist gem\u00fctlich &#8211; und es gibt zu essen so viel, wie ich will &#8211; und hier sind andere Katzen &#8211; mit denen kann ich spielen &#8211; hier ist es wirklich sch\u00f6n &#8211; aber hier gibt es auch H\u00e4nde &#8211; ich hasse H\u00e4nde &#8211; auch wenn die hier nicht ganz so schlimm sind. Sie stellen Futter hin &#8211; sie werfen kleine B\u00e4llchen &#8211; mit denen ich spielen kann &#8211; sie halten Angeln mit Federn unten dran &#8211; mit denen zu spielen macht mir besonders viel Spass.<\/p>\n<p>Ich hab an einer Hand geschn\u00fcffelt &#8211; ich kann es nicht fassen &#8211; ich habe wirklich an einer Hand &#8211; ganz freiwillig &#8211; geschn\u00fcffelt &#8211; und es ist nichts passiert &#8211;\u00a0 wirklich gar nichts passiert!<\/p>\n<p>H\u00e4nde sind gef\u00e4hrlich &#8211; ich muss mir das merken &#8211; so leichtsinnig darf ich nie wieder sein &#8211; an einer HAND zu schn\u00fcffeln &#8211; was da alles h\u00e4tte passieren k\u00f6nnen!<\/p>\n<p>Ich lebe gern hier &#8211; ich f\u00fchle mich hier wirklich sicher &#8211; keiner ist b\u00f6se zu mir &#8211; nur die alte Tiger-Dame, die haut mir immer mal eine runter &#8211; aber das ist schon in Ordnung &#8211; meistens hab ich sie vorher ja auch ein wenig ge\u00e4rgert.<\/p>\n<p>Jetzt bin ich schon sehr lange hier &#8211; und mir gef\u00e4llt es immer noch &#8211; die alte Tiger-Dame ist nicht mehr da &#8211; ich glaub, sie ist zu meiner Mutter und meinen Geschwistern gegangen &#8211; ich fand das sehr traurig &#8211; sie war zwar eine grummelnde Alte &#8211; aber ich hab sie trotzdem sehr gern gehabt. Ich glaub, die H\u00e4nde waren auch sehr traurig &#8211; sie haben immer wieder durchs Gesicht des Menschen gewischt und danach waren sie ganz nass. Ich h\u00e4tte nie gedacht, dass H\u00e4nde etwas empfinden und so traurig sein k\u00f6nnen.<\/p>\n<p>Es ist etwas Unglaubliches passiert &#8211; die H\u00e4nde haben mich angefasst &#8211; und ich habe nicht gebissen &#8211; ich habe nicht gekratzt &#8211; ich bin nicht gefl\u00fcchtet &#8211; ich bin einfach auf der Fensterbank liegen geblieben. Die H\u00e4nde waren erst ganz vorsichtig &#8211; haben mir \u00fcber den R\u00fccken gestreichelt &#8211; das war gar nicht schlecht &#8211; und dann haben sie mir den Kopf gestreichelt &#8211; das war toll!<\/p>\n<p>Pl\u00f6tzlich waren die H\u00e4nde wieder traurig &#8211; sie sind wieder durchs Gesicht gewischt &#8211; und waren wieder ganz nass &#8211; wie damals, als die alte Tiger-Dame gestorben ist &#8211; aber irgendwas war anders als damals &#8211; der Mensch sah gl\u00fccklich aus &#8211; was der Mensch gesagt hat, hab ich nicht verstanden &#8211; aber irgendetwas wird es schon bedeuten &#8222;&#8230; nun bist Du schon drei Jahre bei mir &#8211; und heute darf ich Dich das erste Mal streicheln &#8211; Du glaubst gar nicht, wie gl\u00fccklich Du mich damit machst \u2026&#8220;.<\/p>\n<p><img decoding=\"async\" loading=\"lazy\" class=\"alignnone  wp-image-846\" src=\"https:\/\/www.katze-sucht-mensch.ch\/wp-content\/uploads\/2021\/11\/scheu-2.jpg\" alt=\"\" width=\"108\" height=\"137\" \/>\u00a0 Ich weiss immer noch &#8211; H\u00e4nde sind gef\u00e4hrlich &#8211; aber &#8222;meine&#8220; H\u00e4nde sind gut &#8211; sie streicheln, sie sind geduldig und sie werden mir nichts antun &#8211; das haben sie bewiesen.<\/p>\n<p><em>(Autor: unbekannt)<\/em><\/p>\n","protected":false},"excerpt":{"rendered":"<p>\u00a0 \u00a0&#8211; manchmal braucht es viel Geduld Ich mag keine H\u00e4nde. Ich mag keine H\u00e4nde &#8211; sie machen mir Angst<\/p>\n","protected":false},"author":2,"featured_media":0,"parent":0,"menu_order":0,"comment_status":"closed","ping_status":"closed","template":"","meta":[],"_links":{"self":[{"href":"https:\/\/www.katze-sucht-mensch.ch\/index.php?rest_route=\/wp\/v2\/pages\/86"}],"collection":[{"href":"https:\/\/www.katze-sucht-mensch.ch\/index.php?rest_route=\/wp\/v2\/pages"}],"about":[{"href":"https:\/\/www.katze-sucht-mensch.ch\/index.php?rest_route=\/wp\/v2\/types\/page"}],"author":[{"embeddable":true,"href":"https:\/\/www.katze-sucht-mensch.ch\/index.php?rest_route=\/wp\/v2\/users\/2"}],"replies":[{"embeddable":true,"href":"https:\/\/www.katze-sucht-mensch.ch\/index.php?rest_route=%2Fwp%2Fv2%2Fcomments&post=86"}],"version-history":[{"count":8,"href":"https:\/\/www.katze-sucht-mensch.ch\/index.php?rest_route=\/wp\/v2\/pages\/86\/revisions"}],"predecessor-version":[{"id":848,"href":"https:\/\/www.katze-sucht-mensch.ch\/index.php?rest_route=\/wp\/v2\/pages\/86\/revisions\/848"}],"wp:attachment":[{"href":"https:\/\/www.katze-sucht-mensch.ch\/index.php?rest_route=%2Fwp%2Fv2%2Fmedia&parent=86"}],"curies":[{"name":"wp","href":"https:\/\/api.w.org\/{rel}","templated":true}]}}